
True
Is 12 a factor of 1815600?
True
Is 482 a factor of 125320?
True
Is 594 a factor of 500250?
False
Does 41 divide 2185423?
True
Does 18 divide 115401?
False
Does 128 divide 317952?
True
Does 37 divide 90909?
True
Is 270390 a multiple of 21?
False
Does 15 divide 162210?
True
Is 14 a factor of 3292982?
True
Is 74 a factor of 2947790?
True
Is 10214 a multiple of 7?
False
Is 9 a factor of 112346?
False
Is 12519012 a multiple of 11?
True
Is 345510 a multiple of 99?
True
Is 246 a factor of 30822324?
True
Does 710 divide 691889?
False
Does 17 divide 1458858?
False
Is 804402 a multiple of 207?
True
Is 642 a factor of 261448?
False
Is 218 a factor of 28662851?
False
Does 160 divide 535040?
True
Is 3098667 a multiple of 143?
True
Does 133 divide 4774700?
True
Does 14 divide 155151?
False
Is 629843 a multiple of 310?
False
Does 8 divide 7602505?
False
Is 120 a factor of 7366446?
False
Is 1239708 a multiple of 102?
True
Does 1609 divide 495157?
False
Does 36 divide 54554?
False
Is 81 a factor of 277749?
True
Is 12101040 a multiple of 10?
True
Does 103 divide 3076906?
False
Is 62 a factor of 2527554?
True
Does 55 divide 82280?
True
Is 29407 a multiple of 70?
False
Is 78 a factor of 12951340?
False
Is 190 a factor of 92720?
True
Does 3 divide 10109?
False
Is 2788110 a multiple of 557?
False
Does 1666 divide 7690256?
True
Is 130 a factor of 120275?
False
Is 46501 a multiple of 12?
False
Does 23 divide 43884?
True
Is 1793090 a multiple of 26?
True
Is 77 a factor of 2265494?
True
Does 304 divide 1002759?
False
Is 316 a factor of 523769?
False
Is 11 a factor of 23646?
False
Is 427607 a multiple of 37?
False
Is 4488468 a multiple of 39?
False
Is 247940 a multiple of 140?
True
Does 11 divide 1716924?
True
Is 3 a factor of 169917?
True
Is 2011 a factor of 2195778?
False
Is 95634 a multiple of 14?
True
Is 3207984 a multiple of 52?
True
Does 4 divide 14781?
False
Is 12 a factor of 149650?
False
Is 970036 a multiple of 449?
False
Is 1775688 a multiple of 216?
False
Is 2238770 a multiple of 38?
True
Does 3 divide 36907?
False
Is 3122186 a multiple of 458?
True
Does 186 divide 2585214?
True
Is 117 a factor of 327600?
True
Is 267053 a multiple of 19?
False
Is 25 a factor of 11236492?
False
Is 41 a factor of 922131?
True
Is 1571054 a multiple of 73?
False
Is 217 a factor of 36718?
False
Is 129840 a multiple of 541?
True
Is 337 a factor of 276677?
True
Does 6 divide 2344412?
False
Is 37223 a multiple of 5?
False
Does 44 divide 127740?
False
Is 289 a factor of 6633417?
True
Is 5 a factor of 137759?
False
Is 630 a factor of 192129?
False
Is 10 a factor of 270660?
True
Does 163 divide 2099603?
True
Does 17 divide 5400656?
False
Is 12 a factor of 1209031?
False
Does 15 divide 17880?
True
Is 311676 even?
True
Is 592 a factor of 1074702?
False
Is 500569 a multiple of 5?
False
Is 12 a factor of 140982?
False
Is 121 a factor of 4964630?
True
Does 751 divide 571046?
False
Is 14 a factor of 1824954?
False
Does 27 divide 13646053?
False
Is 8835287 a multiple of 30?
False
Is 90134 a multiple of 11?
True
Is 109 a factor of 118483?
True
Is 39991 a multiple of 71?
False
Is 34163360 a multiple of 32?
True
Does 917 divide 1328527?
False
Does 159 divide 626142?
True
Is 43 a factor of 3397172?
True
Is 72 a factor of 538344?
True
Is 59 a factor of 2476898?
False
Does 2 divide 22168?
True
Does 15 divide 24478635?
True
Is 134589 a multiple of 51?
True
Does 41 divide 149568?
True
Does 12 divide 76128?
True
Is 7688812 a multiple of 692?
True
Does 974 divide 16161582?
True
Does 27 divide 311108?
False
Does 165 divide 1646535?
True
Is 575 a factor of 278191?
False
Does 2294 divide 40843417?
False
Does 6 divide 17400?
True
Is 51082 even?
True
Is 6 a factor of 18498?
True
Does 3 divide 25086?
True
Is 2446059 a multiple of 1083?
False
Does 7 divide 986211?
False
Does 193 divide 13692578?
True
Is 11 a factor of 109877?
False
Is 21 a factor of 535818?
False
Does 35 divide 4306715?
True
Is 27 a factor of 4302?
False
Does 12 divide 1273560?
True
Is 1551043 a multiple of 14?
False
Is 38 a factor of 1575283?
False
Does 29 divide 30798?
True
Is 6214 a multiple of 13?
True
Does 18 divide 323442?
True
Does 239 divide 48278?
True
Does 10 divide 107000?
True
Does 259 divide 2792304?
False
Is 52 a factor of 6709?
False
Is 5659770 a multiple of 18?
False
Is 25005 a multiple of 13?
False
Is 2112 a multiple of 352?
True
Is 847945 a multiple of 2?
False
Is 23 a factor of 5679298?
True
Does 45 divide 524880?
True
Is 36 a factor of 605268?
True
Is 92 a factor of 981076?
False
Does 4 divide 405590?
False
Is 190 a factor of 2555796?
False
Is 29 a factor of 131457?
True
Is 96 a factor of 2953440?
True
Does 43 divide 12633?
False
Does 38 divide 174719?
False
Does 15 divide 664695?
True
Is 9 a factor of 2484?
True
Is 3212411 a multiple of 289?
False
Does 25 divide 534500?
True
Is 6259428 a multiple of 252?
True
Is 10 a factor of 194930?
True
Is 965459 a multiple of 121?
True
Does 13 divide 182879?
False
Is 422 a factor of 89886?
True
Is 14 a factor of 3483614?
False
Is 191 a factor of 1980396?
False
Does 4 divide 862685?
False
Does 294 divide 2965128?
False
Is 170426 a multiple of 143?
False
Does 105 divide 636159?
False
Is 142106 a multiple of 90?
False
Does 8 divide 37417?
False
Does 81 divide 820562?
False
Is 2112607 a multiple of 119?
True
Is 2271021 a multiple of 577?
False
Is 441959 a multiple of 176?
False
Is 244 a factor of 442128?
True
Is 73 a factor of 23995?
False
Is 10911105 a multiple of 302?
False
Does 249 divide 667605?
False
Is 176 a factor of 697312?
True
Is 8889890 a multiple of 20?
False
Does 54 divide 2085210?
True
Does 71 divide 25418?
True
Does 405 divide 81508?
False
Does 5 divide 948405?
True
Does 26 divide 1171768?
True
Is 4961256 a multiple of 906?
True
Is 24621268 a multiple of 28?
True
Is 2433227 a multiple of 167?
False
Is 75260 a multiple of 265?
True
Is 25 a factor of 28204775?
True
Does 1093 divide 10902675?
True
Is 24 a factor of 2230560?
True
Is 250080 a multiple of 96?
True
Is 14 a factor of 165354?
True
Does 339 divide 1634319?
True
Does 169 divide 311805?
True
Is 738932 a multiple of 9?
False
Is 363510 a multiple of 102?
False
Is 9319888 a multiple of 12?
False
Does 129 divide 7305270?
True
Is 2381862 a multiple of 13?
False
Is 26992 even?
True
Does 20 divide 46751?
False
Does 26 divide 22906?
True
Is 221184 a multiple of 27?
True
Is 90617 a multiple of 38?
False
Does 27 divide 64103?
False
Does 15 divide 26827035?
True
Does 1128 divide 1404360?
True
Is 579615 a multiple of 85?
True
Is 37793 a multiple of 11?
False
Is 11806241 a multiple of 251?
False
Does 73 divide 5293230?
True
Is 28950 a multiple of 386?
True
Does 53 divide 23850?
True
Is 1751424 a multiple of 8?
True
Is 9723 a multiple of 22?
False
Does 69 divide 102741?
True
Is 11947236 a multiple of 18?
False
Does 209 divide 1172857?
False
Is 27759 a multiple of 19?
True
Does 594 divide 4595778?
True
Is 25 a factor of 238825?
True
Is 516111 a multiple of 3?
True
Is 177406 a multiple of 90?
False
Is 821825 a multiple of 25?
True
Is 1118809 a multiple of 14?
False
Is 14 a factor of 207116?
True
Does 16 divide 1223321?
False
Is 126971 a multiple of 69?
False
Is 15 a factor of 1298718?
False
Is 131853 a multiple of 103?
False
Does 808 divide 344069?
False
Is 2 a factor of 9279?
False
Is 19 a factor of 1257255?
False
Is 88 a factor of 5078026?
False
Is 15354143 a multiple of 30?
False
Does 211 divide 123700?
False
Does 18 divide 741888?
True
Is 245238 a multiple of 21?
True
Is 2475 a factor of 2692488?
False
Is 11 a factor of 860706?
True
Is 81732 a multiple of 28?
True
Does 12 divide 16893?
False
Is 31 a factor of 68641?
False
Is 219 a factor of 206736?
True
Does 7 divide 386957?
False
Is 108416 a multiple of 64?
True
Is 33 a factor of 937156?
False
Does 45 divide 526410?
True
Is 244102 a multiple of 50?
False
Does 384 divide 2811766?
False
Is 995 a multiple of 4?
False
Is 17 a factor of 159800?
True
Is 34 a factor of 93655?
False
Is 15 a factor of 36427?
False
Does 206 divide 220420?
True
Is 12086480 a multiple of 1528?
True
Does 36 divide 10527646?
False
Is 5 a factor of 102691?
False
Is 11 a factor of 621497?
False
Is 593 a factor of 1311716?
True
Is 5203350 a multiple of 310?
True
Is 906661 a multiple of 19?
True
Does 4 d